283?
33
What is the greatest common divisor of 1488 and 14592?
48
What is the highest common divisor of 16268 and 8964?
332
What is the highest common factor of 1539075 and 225?
75
What is the greatest common factor of 348 and 2316?
12
What is the greatest common divisor of 3344 and 112?
16
What is the highest common factor of 6570 and 29340?
90
Calculate the highest common divisor of 11385 and 96600.
345
Calculate the highest common factor of 33 and 72171.
33
What is the greatest common factor of 2280628 and 14?
14
Calculate the highest common divisor of 1298 and 77054.
118
What is the greatest common divisor of 1197 and 8652?
21
What is the greatest common divisor of 8096 and 74336?
736
Calculate the highest common factor of 452030 and 170.
170
Calculate the highest common factor of 6994 and 189914.
538
What is the greatest common factor of 66 and 138?
6
Calculate the greatest common divisor of 51 and 65229.
51
Calculate the highest common factor of 26465 and 1340.
335
Calculate the greatest common factor of 1638 and 4249.
7
Calculate the highest common factor of 52993 and 1614.
269
Calculate the highest common factor of 93175 and 175.
25
Calculate the highest common factor of 1539 and 32661.
171
What is the greatest common factor of 102 and 468?
6
Calculate the highest common factor of 17753 and 205.
41
Calculate the greatest common factor of 69405 and 705.
15
What is the greatest common divisor of 39312 and 1470?
42
What is the highest common factor of 731560 and 320?
40
Calculate the greatest common divisor of 319 and 275.
11
What is the highest common factor of 242128 and 1184?
592
Calculate the greatest common divisor of 1102 and 13186.
38
Calculate the highest common factor of 1261082 and 212.
106
Calculate the greatest common divisor of 16830 and 15840.
990
Calculate the highest common factor of 61424 and 22.
22
Calculate the highest common factor of 192 and 141852.
12
What is the highest common divisor of 1722 and 1401134?
574
What is the highest common divisor of 9605 and 961630?
565
What is the highest common factor of 9950 and 4010?
10
Calculate the greatest common divisor of 500795 and 370.
185
What is the highest common factor of 83110 and 20?
10
Calculate the highest common factor of 95 and 10754.
19
Calculate the greatest common divisor of 184556 and 406.
58
What is the highest common divisor of 279 and 1769418?
279
What is the highest common divisor of 12100 and 32?
4
What is the highest common divisor of 230 and 178?
2
Calculate the highest common factor of 24696 and 616.
56
What is the greatest common divisor of 95 and 30343?
19
Calculate the highest common factor of 35564 and 204.
68
What is the greatest common divisor of 848 and 13515?
53
What is the highest common factor of 272 and 1048?
8
Calculate the greatest common divisor of 194 and 17363.
97
Calculate the highest common divisor of 808878 and 126.
42
Calculate the highest common divisor of 6044 and 2.
2
What is the greatest common divisor of 59415 and 697?
17
Calculate the greatest common factor of 75294 and 47799.
423
Calculate the greatest common factor of 14325 and 375.
75
What is the highest common divisor of 48 and 226536?
24
Calculate the highest common factor of 49425 and 300.
75
What is the greatest common divisor of 12526 and 4?
2
What is the greatest common divisor of 1625 and 715?
65
Calculate the greatest common factor of 19436 and 1130.
226
Calculate the greatest common divisor of 4224 and 4164.
12
What is the greatest common divisor of 7497 and 510629?
833
What is the highest common factor of 65314 and 442?
34
Calculate the greatest common divisor of 52 and 258869.
13
Calculate the greatest common factor of 13025 and 325.
25
Calculate the greatest common divisor of 2862 and 459510.
318
Calculate the greatest common factor of 14476 and 2002.
154
Calculate the greatest common divisor of 3068 and 12740.
52
Calculate the highest common factor of 6220 and 2385.
5
What is the highest common divisor of 13288 and 968?
88
Calculate the highest common divisor of 12 and 104235.
3
Calculate the greatest common divisor of 48100 and 2590.
370
What is the greatest common factor of 114432 and 24576?
768
What is the greatest common factor of 20 and 2070?
10
What is the greatest common factor of 18279 and 161126?
677
What is the highest common factor of 2907 and 9405?
171
What is the highest common factor of 495768 and 5675?
227
Calculate the highest common divisor of 825758 and 163.
163
Calculate the highest common divisor of 6 and 19548.
6
What is the greatest common divisor of 3059 and 931?
133
Calculate the greatest common divisor of 18 and 17076.
6
What is the highest common divisor of 167998 and 912?
38
What is the greatest common factor of 1218736 and 2532?
844
Calculate the greatest common factor of 8927 and 2712.
113
What is the greatest common factor of 66599 and 39?
13
Calculate the highest common divisor of 10388 and 6468.
196
What is the highest common divisor of 47520 and 540?
540
Calculate the highest common factor of 9872 and 1259914.
1234
Calculate the greatest common factor of 5522 and 154.
22
What is the highest common factor of 13420 and 134444?
244
What is the highest common divisor of 75 and 5417025?
75
What is the greatest common factor of 462 and 322581?
21
Calculate the highest common factor of 8216 and 1817.
79
Calculate the highest common factor of 2712 and 76614.
678
What is the greatest common divisor of 42854 and 112?
14
Calculate the greatest common factor of 846 and 504.
18
What is the highest common factor of 104 and 9854?
26
What is the greatest common divisor of 34 and 4488221?
17
Calculate the highest common factor of 64 and 4416144.
16
Calculate the highest common factor of 164 and 121032.
164
Calculate the greatest common factor of 1856 and 6380.
116
What is the greatest common divisor of 28 and 76132?
28
What is the greatest common factor of 194382 and 954?
18
What is the highest common divisor of 31076 and 68?
68
What is the highest common factor of 53648 and 56?
56
Calculate the greatest common factor of 16744 and 52486.
322
What is the greatest common factor of 48440 and 1974?
14
What is the highest common factor of 127638 and 2100?
42
Calculate the greatest common factor of 440510 and 490.
490
What is the highest common divisor of 1173 and 9?
3
Calculate the highest common divisor of 2814 and 156914.
134
Calculate the highest common divisor of 2776 and 425769.
347
What is the greatest common divisor of 143 and 117?
13
Calculate the highest common factor of 519935 and 26.
13
What is the greatest common factor of 24 and 2420484?
12
What is the highest common divisor of 31055258 and 1846?
1846
Calculate the greatest common factor of 29736 and 12.
12
What is the highest common divisor of 25402 and 884?
26
Calculate the greatest common divisor of 1288 and 10640.
56
Calculate the greatest common factor of 586800 and 1325.
25
Calculate the highest common factor of 9622 and 20376.
566
What is the highest common factor of 39336 and 264?
264
Calculate the highest common divisor of 192 and 1447872.
192
What is the highest common factor of 3608 and 5225?
11
Calculate the greatest common divisor of 6398 and 168.
14
Calculate the greatest common divisor of 166908 and 140.
28
Calculate the highest common divisor of 115 and 31505.
5
Calculate the highest common divisor of 494 and 9230.
26
What is the greatest common divisor of 11920 and 3120?
80
Calculate the highest common factor of 105 and 360.
15
Calculate the greatest common factor of 217515 and 765.
255
What is the highest common factor of 6811 and 18130?
49
Calculate the greatest common factor of 589611 and 11.
11
What is the greatest common factor of 3616849 and 1732?
433
What is the highest common factor of 501705 and 360?
45
What is the greatest common factor of 112508 and 286?
22
Calculate the highest common divisor of 40235 and 10.
5
What is the greatest common divisor of 36 and 124932?
12
Calculate the greatest common divisor of 70 and 57064.
14
What is the highest common divisor of 45 and 69363?
9
What is the greatest common factor of 160356 and 24?
12
What is the greatest common factor of 5587 and 10117?
151
Calculate the highest common factor of 488 and 5176.
8
Calculate th